 = 5 - 8. Let q be r(y). Let n(a) = -a**2 - 5*a + 4. What is n(q)?
10
Let r(f) = 3*f**2 + 5*f - 2. Let g(i) = i**2. Let a = 0 + 1. Let w(v) = a*r(v) - 4*g(v). Determine w(5).
-2
Suppose -12 = -6*t + 6. Let q(o) = o**2 + 3*o**3 - 13 + 6*o**3 - 15*o**t + 5*o**3. Determine q(0).
-13
Let x(o) = 2*o**3 - 4*o**2 + o - 3. Suppose -27 = -5*d - 12. Determine x(d).
18
Let m(u) = -u**3 + u**2 + u - 4. Let w = 55 + -55. Calculate m(w).
-4
Let d(n) = -4 - n + 3*n - 4*n. Let g be d(-7). Let i = -5 + g. Let u(h) = -h**3 + 4*h**2 + 3*h + 7. What is u(i)?
-3
Let a(c) = 0*c - 6 + 0*c + 3*c + c**2. Suppose 2*w = 2*v + 3*v + 93, -2*w - 2 = 0. Let f = v - -14. What is a(f)?
4
Let b(u) = -u**2 - 6*u. Let i be b(-5). Suppose -6*y = -2*y + 2*h - 64, -3*h = i*y - 82. Let t be (-28)/(-8)*8/y. Let l(m) = m**2 + m. Give l(t).
6
Let p(v) = 23 - 7 - 4*v - 19. Determine p(-4).
13
Suppose 2*s - 3*k = 5, s + 15 = -4*k + 1. Let l(f) = 13*f - f - 7*f. Give l(s).
-10
Let z(a) = a - 2. Suppose 0*j + j = 2. Give z(j).
0
Let f(p) be the first derivative of p**4/4 - p**2/2 - 6*p + 4. Let v = 15 - 9. Let t be -2 - v/3*-1. What is f(t)?
-6
Let g(i) = i**2 + 7*i + 6. Let p be (-4)/22 - (-68)/11. Suppose -3*y = -p*y - 15. What is g(y)?
-4
Suppose -5*n - 6 = 3*v, -5 = 5*v - n + 5. Let d(t) = 2*t**2 + 2*t - 2. What is d(v)?
2
Let z(j) = -5*j**3 + j**2. Let b(r) = -1 + 8*r - r - 3*r + 2 - r**3 - 3*r**2. Let s be b(-4). Give z(s).
-4
Suppose 3*h = -4 + 13. Let l(x) be the first derivative of x**4/12 - 2*x**3/3 - x**2/2 - x + 2. Let r(c) be the first derivative of l(c). Give r(h).
-4
Let z(b) = -b**2 - 3*b + 2. Suppose 5*a = -6 - 9. Let l be (3/a)/((-2)/40). Suppose r + 3*r + l = 0. Determine z(r).
-8
Let a(d) be the first derivative of -d**4/4 + d**3 + 3*d**2 - 5*d - 1. Let k(s) = s**2 - 9*s - 9. Let o be k(10). Suppose o + 11 = 3*r. What is a(r)?
3
Let j = -3 - -7. Let n(g) be the first derivative of g**4/4 - 5*g**3/3 + 2*g**2 - 3*g - 13. Determine n(j).
-3
Let j(n) = 3*n**3 - 1. Let z(v) = -2*v - 15. Let g be z(-8). Let q be 2*g*3/(-6). Determine j(q).
-4
Let g(x) = 2*x**2 + 5*x + 4. Let z(i) be the first derivative of i**2/2 + 5*i + 5. Let d = -8 - 0. Let a be z(d). Determine g(a).
7
Let l(v) = -5*v + 1. Let h be l(-1). Let k(m) = -2*m + 7. Let b be k(h). Let w(r) be the second derivative of -r**4/12 - 2*r**3/3 + 3*r**2 + r. What is w(b)?
1
Let k(i) = 2*i**3 - 7*i**2 - 5*i - 6. Let t(l) = 3*l**3 - 8*l**2 - 6*l - 7. Let g(j) = -5*k(j) + 4*t(j). Let c = -4 + 2. Determine g(c).
-4
Let o(y) = 7*y**2 - y + 2. Let i(s) = -4*s**2 - 1. Let j(p) = 5*i(p) + 2*o(p). Determine j(-1).
-5
Let m(v) = -v - 1. Let j(r) = -r**3 + 2*r**2 + 2*r. Let o be j(-1). Determine m(o).
-2
Let j be (-28)/(-21) - (-4)/6. Let g(a) = 10*a**j + 1 - 1 - 3 + 17*a. Let h(o) = -3*o**2 - 6*o + 1. Let y(f) = -6*g(f) - 17*h(f). Give y(1).
-8
Let h(q) = q. Let x(z) = -8*z. Let v(c) = 52*h(c) + 6*x(c). What is v(3)?
12
Let z(c) = 4*c + 11*c**3 + 4*c**2 - 9*c**3 + c - 3*c**3 + 1. Determine z(5).
1
Suppose -3*j - 5*a = -0*j - 11, 0 = -3*j - 4*a + 10. Suppose 0 = -0*k + j*k + 6. Let h(t) be the first derivative of t**2/2 + 7*t + 3. Calculate h(k).
4
Let c(u) = 0*u**2 - 2*u**2 + u**3 + 2*u + u**2 - 3*u - 7. Let o(r) = -r**2 + 6*r - 3. Let z be o(5). Let d = z - 2. What is c(d)?
-7
Let c(k) = 31 + 0 - 2 + k**2. Give c(0).
29
Let b(a) = -a + 4 - 5*a - 3 - 5*a. Let w(n) = 4*n. Let q(z) = 3*b(z) + 8*w(z). Suppose 3 = f - 0*f. Determine q(f).
0
Suppose -6*d = -3*d. Let v(x) be the second derivative of -x**6/120 + x**4/24 + x**3/2 - x**2 - 2*x. Let i(l) be the first derivative of v(l). Calculate i(d).
3
Let u(k) be the first derivative of k**2 - 8*k - 8. Calculate u(6).
4
Let m(t) = 15*t. Let g(r) = r - 1. Let s be g(2). Determine m(s).
15
Let x(q) = -q**3 - 11*q**2 - 10*q + 6. Let s be x(-10). Let n = -5 - -4. Let o = s + n. Let f(m) = m**3 - 5*m**2 + 2*m - 5. Determine f(o).
5
Let m(h) = -h**3 + 9*h**2 + 4. Let q be -9*(-5 + 3 - -1). Let d be m(q). Let b(f) = f**3 - 5*f**2 + 5*f - 5. What is b(d)?
-1
Let v(w) be the second derivative of 1/20*w**5 - 2*w**2 + 0 - 5*w + 5/12*w**4 - 4/3*w**3. Determine v(-6).
8
Suppose g + 1 = 2. Let m(q) = -3*q + 2 - g + 6*q. Calculate m(-1).
-2
Let g = -1 - -4. Suppose q + 2 = g. Let h(r) = -5*r**3 + r**2. Give h(q).
-4
Let t be (-6)/8*2*2. Let a(g) = 1 + 3*g**2 - 4 - 4 - g + 5 + g**3. Let v be a(t). Let b(p) = -2*p**2 + 2*p - 1. Calculate b(v).
-1
Let a(q) = -q**3 - 4*q**2 + 5*q - 3. Let k be a(-5). Let r(v) = 5*v + 1. Let t(u) = 14*u + 3. Let d(x) = -17*r(x) + 6*t(x). What is d(k)?
4
Let b(q) = 4*q - q**3 - 1 - 6*q + 3*q. Calculate b(2).
-7
Let v(b) = -4*b**3 + 7*b + 3*b**3 + 8 - b**3 + 7*b**2 + 3*b**3. Let u be v(-6). Let y(h) = -2*h - 1. Give y(u).
-5
Let g(l) = l**3 + 9*l**2 + 8*l + 2. Let m be g(-8). Let k(s) = 1 + s + s**2 + m*s - 5*s. Suppose 0 = -0*r + 3*r - 6. Give k(r).
1
Let k(q) = 3*q**2 + q. Suppose -7*u + 2*u + 10 = 0. Let n(h) = -16*h**2 - 4*h - 1. Let l(m) = u*n(m) + 11*k(m). Determine l(-4).
2
Let y(n) = -14*n**3 - 6*n**2 - 8*n + 11. Let w(i) = 5*i**3 + 2*i**2 + 3*i - 4. Let d(a) = -11*w(a) - 4*y(a). Calculate d(-2).
2
Let i(z) = -3*z**3 + z**2 + 4. Let h(t) = -10*t**3 + 4*t**2 + 11. Let l(w) = -2*h(w) + 7*i(w). Give l(0).
6
Suppose -d = -0*d + 8. Let m = d + 6. Let h(t) = t**3 + 3*t**2 + 2*t. What is h(m)?
0
Let l(g) be the third derivative of g**5/60 + g**4/8 + g**3/6 + g**2. Calculate l(-2).
-1
Let v(k) = -k**3 + 2*k**2 + 3*k. Let x = 21 - 23. What is v(x)?
10
Let b(d) = 5. Let r(q) = 3. Let w(n) = 4*b(n) - 7*r(n). Let t(v) = 3*v**2 - v - 2. Let m be 5 - -2*1/(-1). Let j(l) = m*w(l) - t(l). Give j(1).
-3
Let f(x) = 2 + 2 + 3*x**2 - 4 - 3*x + 2 + x**3. Determine f(-4).
-2
Let p(u) be the first derivative of -u**3/3 + u - 6. Let y(o) = -o**3 + 5*o**2 - o - 5. Let h(s) = -4*p(s) - y(s). Calculate h(2).
7
Let y(t) = 0*t**3 - t**2 - t**3 + 5 + 4*t - 6*t**2 + 2*t**2. Calculate y(-5).
-15
Let d(v) = v**2 - 6*v - 6. Suppose 0 = 2*q + q - 9. Suppose -q*j + 4*j - 5 = 0. Give d(j).
-11
Let r(c) be the second derivative of -c**3/6 + 2*c**2 - 12*c. Determine r(5).
-1
Let z be (-1)/2*1*-20. Suppose 3*k + z = -2*k. Let m(o) be the third derivative of o**5/60 - o**4/24 + o**3/6 + o**2. Give m(k).
7
Let t(g) = -5*g. Suppose 4*d - 2*d + 2 = 3*n, 4*n - 3*d - 3 = 0. Let o(q) = q**2 - q - 1. Let v be o(n). Give t(v).
5
Let w(x) = -x**2 - 7*x - 4. Suppose -v = -4*v + 3*b - 3, -2*v = 4*b - 16. Suppose -v*s = -18 - 32. Suppose 7*z = 2*z - s. Determine w(z).
6
Let n be 13/2 - (-3)/(-6). Let l(a) = 5 + 7*a - 6*a - 3*a. Calculate l(n).
-7
Suppose -t - 3*v = 14, -20 = 2*t + 2*v + 2*v. Let s(b) = -4*b + 2. Let u(z) = -11*z + 6. Let d be 2 + (1 + 0)/1. Let m(c) = d*u(c) - 8*s(c). Give m(t).
4
Let f = 14 + -18. Let r(b) = 2*b**2 + 17*b + 5. Let x(i) = 0*i**2 + 1 + 2 + 8*i + i**2. Let c(h) = 2*r(h) - 5*x(h). Give c(f).
3
Let v(d) = -3*d**3 - 1. Let k be ((-1)/3)/((-10)/(-30)). What is v(k)?
2
Let l(w) = -8*w**2 + 23*w - 17. Let q(d) = -3*d**2 + 8*d - 6. Let z(s) = 4*l(s) - 11*q(s). Calculate z(-5).
3
Let v(a) = -a**3 + a**2 + a + 7. Suppose -5*r = 25, 4*r + 48 = -5*y + 3. Let o = -3 - y. Suppose -2*t - 5*z + 4*z - o = 0, 0 = 3*t - 4*z - 8. Give v(t).
7
Let a(s) be the first derivative of 11*s**3/3 - 1. Suppose -3*v = v - 20. Suppose -3*h = 5*m + 3, -4*h + v*m + 0 = 4. Determine a(h).
11
Suppose -3*t + 2 + 1 = 0. Let q(g) = -g - 1. Let r(a) = -a - 5. Let k(v) = 4*q(v) - r(v). Give k(t).
-2
Let o(d) = -d**3 - 4*d**2 + 5*d - 5. Let q be (8/10)/((-4)/(-50)). Let m be -2 - (-2 + q/2). Determine o(m).
-5
Let q(x) be the first derivative of x**2/2 + 5*x - 17. Let a be (-4)/2 - (-5 - -1). Let z = -7 + a. Give q(z).
0
Let k(s) = -20*s**2 - 2*s + 1. Let i(y) = 2*y**2. Let p(w) = 22*i(w) + 2*k(w). Determine p(2).
10
Let j(d) = d**3 + 5*d**2 - 2*d - 2. Let p(f) = 2*f**3 + 11*f**2 - 3*f - 5. Let k(s) = -5*j(s) + 2*p(s). Give k(-4).
0
Let j(c) = -c + 1. Let v(g) = -g**2 - 13*g - 1. Let b(u) = u**3 - 7*u**2 - 2*u + 9. Let k be b(7). Let m(r) = k*j(r) + v(r). Let o = 180 + -186. Calculate m(o).
6
Let f(g) = -29*g + 8 + 14*g + 16*g. Determine f(-6).
2
Let y(z) = 492 - 490 + 3*z - z. Calculate y(-2).
-2
Let x(d) = -d**2 - 6*d + 2. Let h be x(-6). Let c(i) = -3 + 2*i**2 + 5*i**3 - 11*i**3 + h*i + 5*i**3. Calculate c(2).
1
Suppose 